 = -2. Suppose -2*x = f*c - 17, 0 = 2*x - x - c - 16. What is the remainder when x is divided by 7?
6
Suppose -23 = -9*t + 58. Calculate the remainder when 33 is divided by t.
6
Let f(z) = -6*z**3 - 10*z**2 - z + 6. Calculate the remainder when f(-4) is divided by 3.
0
Suppose 5 = 6*r - 13. Suppose 88 = -2*s - 2*b, 5*s + 228 = -0*s + r*b. Let h = s + 95. Calculate the remainder when h is divided by 26.
24
Let p(x) = x**3 - 5*x**2 + 6*x - 2. Let w be p(5). Suppose 3*q - n = -3*n + 43, -2*q + w = n. What is the remainder when 63 is divided by q?
11
Let m = -471 - -481. What is the remainder when 66 is divided by m?
6
Let j(u) = 5*u - 21. Let x be j(5). What is the remainder when 16 is divided by 4/x + 2 - 0?
1
Let l = 507 + -496. What is the remainder when 248 is divided by l?
6
Suppose 3*r - 2*c - 74 = 0, r = -4*c + 10 + 38. Calculate the remainder when r is divided by 10.
8
Let y = -1 - -7. Suppose -5*b + n = -21, -4*b + 3*n = -2 - y. Calculate the remainder when 11 is divided by b.
1
Let m be (-3 - -6)/(3/(-2)). Calculate the remainder when (-8)/m - (-49 + -1) is divided by 29.
25
Let f(p) = -p**2 + 18*p - 27. Calculate the remainder when f(15) is divided by 13.
5
Let s = 77 + 135. Calculate the remainder when s is divided by 103.
6
Suppose 0 = 4*j - 4*h - 20, 16*h = -3*j + 18*h + 20. Calculate the remainder when 579 is divided by j.
9
Let t(s) = 8*s - 2. What is the remainder when t(10) is divided by (-54)/4*(-3 - -1)?
24
Let q(z) = -4*z**3 - z**2 + 2*z - 2. What is the remainder when 27 is divided by q(-2)?
5
Let v(h) = h**2 + h - 1. Let g be (2 + -1)/(0 + -1). What is the remainder when g/(-7) - (-1115)/35 is divided by v(3)?
10
Suppose 0 = 38*c - 288 - 472. What is the remainder when 278 is divided by c?
18
Let x = -1599 - -1804. What is the remainder when x is divided by 15?
10
Let w(b) = -b**3 + 14*b**2 + 15*b + 9. Suppose -x + 7 = 4*f, 15 = 2*x - 5*f - 25. Calculate the remainder when 24 is divided by w(x).
6
Let v be 18/(-14) + 4/14. Let q = 4 + v. Suppose 1 = -s - 1, -q*s = -4*d + 70. Calculate the remainder when 47 is divided by d.
15
Let b(p) = p**3 + 10*p**2 - 13*p - 15. What is the remainder when 54 is divided by b(-11)?
5
Let f = 18 - 6. Suppose u + 1 = f. Let y(p) = 3*p**3 - 3*p + 2. Calculate the remainder when y(2) is divided by u.
9
Let p(m) = m**2 - 17*m - 9. Let q be p(11). Let b(r) = 15*r**2. What is the remainder when ((-135)/q)/(1/15) is divided by b(1)?
12
Let i(h) = 16*h. Suppose -10*j + 205 = -105. What is the remainder when j is divided by i(1)?
15
Suppose -3*a + 228 = 201. Calculate the remainder when (-202)/(-6) - (-1)/3 is divided by a.
7
Let z(j) = 81*j**2 + 17*j - 16. What is the remainder when 171 is divided by z(1)?
7
Suppose 5*m - 1165 = 5*p, 5*p + 2 - 7 = 0. What is the remainder when m is divided by 79?
76
Let r(l) = -l**3 - 10*l**2 - 20*l + 9. Calculate the remainder when r(-9) is divided by 58.
50
What is the remainder when (-3)/(6/(-20 - -2)) is divided by 4?
1
Let r = 65 - 127. Let u = -31 - r. What is the remainder when 122 is divided by u?
29
Suppose 51*h = 98*h - 1128. Suppose 5*z = -3*l + l + 645, -3*l + 4*z = -1025. Calculate the remainder when l is divided by h.
23
Let i = -228 + 477. What is the remainder when i is divided by 18?
15
Suppose -4*d + 7*d - 162 = 0. Let a = d - 23. Suppose -77 - a = -3*v. What is the remainder when 69 is divided by v?
33
Let a be (3 + (-4 - -2))*(-1 + 1). Suppose 11 - 70 = -h - 3*y, a = 2*h + 5*y - 120. What is the remainder when h is divided by 17?
14
Suppose 102 = -14*s + 20*s. Calculate the remainder when s is divided by 6.
5
Suppose 20*j - 1132 - 1808 = 0. Calculate the remainder when j is divided by 50.
47
Suppose -31 = -3*u + 5*n, -n - 7 = u - 28. What is the remainder when u is divided by 7?
3
Suppose -x - 2*d = -2, 3*x = 3*d - 18 + 6. Let r = 1 - x. Suppose -21*b + 33 = -198. What is the remainder when b is divided by r?
2
Let p(u) = 2*u**3 + 2*u**2 - 3*u - 4. Let w(t) = 2*t**3 + 2*t**2 - 3*t - 4. Let m(g) = -5*p(g) + 4*w(g). Calculate the remainder when m(-3) is divided by 8.
7
Let c be 26/8 - 2/8. Suppose c*m = m + 12. What is the remainder when 8 is divided by m?
2
Suppose x + a = 0, -3*a = -2*x - 0*x - 5. Let b(l) = -4*l + 2. Calculate the remainder when (2/1)/((-16)/(-184)) is divided by b(x).
5
Suppose 12*r - 187 = -5*r. Suppose -2*i = -0*i - 78. Calculate the remainder when i is divided by r.
6
Suppose 0 = -3*w + 7*w - 32. Suppose 4*d - w*g - 24 = -4*g, 3*g = -2*d + 17. Let b(n) = 3*n - 3. Calculate the remainder when b(7) is divided by d.
4
Let u be (-1)/1*69/(-1). Let m = -4 + u. What is the remainder when m is divided by 17?
14
Let w = -109 - -182. Let i(c) = -3*c**3 + 4*c**2 - 3*c + 3. Let n be i(3). Let q = 76 + n. Calculate the remainder when w is divided by q.
23
Let m = 126 + -65. What is the remainder when m is divided by 11?
6
Suppose 4*o = 469 - 33. Suppose 3*s + o = 5*q, -4*s + 68 = -5*q + 175. Suppose -2*m + 11*m = 819. Calculate the remainder when m is divided by q.
22
Suppose -o = -4*g - 44, -8*g + 4*g = -4*o + 140. Calculate the remainder when 153 is divided by o.
25
Suppose 0*c = -2*c + 220. Calculate the remainder when c is divided by 39/26 - (-57)/2 - 2.
26
Calculate the remainder when 47 is divided by 50/6*((5 - 9) + 7).
22
Suppose 0 = 2*x + x + 78. Let v = 11 - x. Calculate the remainder when v is divided by 16/16 + (8 - (1 + -2)).
7
Let x(i) = 3*i**3 + 63*i**2 + 110*i - 42. Let d = -431 + 700. Calculate the remainder when d is divided by x(-19).
31
Suppose 3*u - 11*u = 16. Let i(m) = -2*m**3 + 2*m - 2*m**2 - 3*m + 1 + 0*m**2. What is the remainder when i(u) is divided by 3?
2
Let m(z) = -z**2 - 37*z + 195. Calculate the remainder when 99 is divided by m(-41).
6
Suppose -36*c = -33*c + a - 487, 644 = 4*c + 4*a. What is the remainder when c is divided by 17?
10
Let a(l) = -15*l + 712. What is the remainder when a(37) is divided by 45?
22
Let a(i) = -5*i**3 + 4*i**2 + 9*i. Calculate the remainder when 74 is divided by a(-2).
36
Suppose -w - h = 1, 5*w - 5*h - 45 = -0*h. Suppose p + 2*d + 0*d + w = 0, p + 4 = -3*d. Let t = p - -45. Calculate the remainder when t is divided by 11.
8
Calculate the remainder when 264 is divided by (9 - 28/20)/(3/15).
36
Suppose -5*h = -13 - 202. Let y = 50 - h. What is the remainder when 26 is divided by y?
5
Let d(j) = j**2 + 13*j + 2. Suppose t = -2*m + 4*m + 33, -3*t = -m - 29. Calculate the remainder when 29 is divided by d(m).
13
Let m(n) = -4*n + 8. Let d be m(-6). What is the remainder when (-6 + d)/(23/7 - 3) is divided by 26?
13
Suppose -p - 3*p + 92 = 0. Let a(g) = -g**3 - 6*g**2 - 5*g + 6. What is the remainder when a(-7) is divided by p?
21
Suppose 3*k - 198 = 3*q, -k = -3*k + 4*q + 136. Calculate the remainder when k is divided by 22 + 12 - (0 - -1).
31
Let v(l) = 2*l**2 - 6*l + 7. Suppose 15 = 3*h - 3*f, -4*f = -2*h + 4*h - 10. Let i = h - -2. What is the remainder when v(i) is divided by 32?
31
Suppose 101 = -3*l - 4*w, -2*l - 2*w - 93 + 23 = 0. Let j = 44 + l. What is the remainder when 11 is divided by j?
1
Suppose -4*s - 365 = 3*j, -3*s + 47 - 177 = j. Let q(m) = -9*m**2 - 6*m + 1. Let h be q(-3). Let d = h - j. What is the remainder when d is divided by 14?
11
Let l(z) = z**3 + 13*z**2 + 11*z + 44. What is the remainder when l(-10) is divided by 59?
57
Calculate the remainder when (3/4)/((-42)/(-11928)) is divided by 56.
45
Suppose 2*l + 197 = -3*n, 315 = -3*l + 2*n - 0*n. Let o = l + 162. Calculate the remainder when o is divided by 20.
19
Let b(z) = -z**2 - 13*z - 14. Let n be b(-8). Let j = n + -15. Calculate the remainder when 50 is divided by j.
6
Suppose 5*j - 2 = -0*j - 2*m, 4*j - 16 = 2*m. Suppose j*v = -2*k + 44, -3*k + 2*k - 1 = 0. What is the remainder when 43 is divided by v?
20
Let s(a) = a**3 - 8*a**2 + 10*a - 16. Let n be s(7). Suppose 7 = g + 4*h - h, n*g = 2*h + 86. What is the remainder when g is divided by 4?
0
Let j(v) = -v**2 + 20*v - 16. Let k be j(19). Let q(n) = n**3 - n**2 - 5*n + 2. Calculate the remainder when q(k) is divided by 3.
2
Let c = -1 + 5. Suppose 10*o - 564 = c*o. What is the remainder when o is divided by 24?
22
Suppose 4 = 4*v + 3*i - 17, 3*i + 9 = v. Suppose v - 22 = -2*j. Suppose -j*y - 17 = -9*y. What is the remainder when 33 is divided 